ime factors of m.
3, 2347
Let r(o) = 14*o**2 - 2*o. Let a be r(1). Let g be 3804/(-8)*(-8)/a. Suppose 295 = u + 3*f, -308 = -2*u + f + g. What are the prime factors of u?
2, 5, 31
Suppose 61 = -5*u - 29. Let d be u/(-45) - (-22)/(-5). What are the prime factors of 66 - 1*(-3 - d)?
5, 13
Let q = 308 - 548. Let d be (9/(-15))/(-3*(-4)/q). What are the prime factors of -4*(2 - 273/d)?
83
Suppose -12118*g - 51623 = -12137*g. What are the prime factors of g?
11, 13, 19
Let i(r) = -196*r**3 + 21*r**2 + 80*r + 1. List the prime factors of i(-6).
43, 991
Let v(o) = -o**3 - 14*o**2 + 7*o + 94. Let q be v(-14). List the prime factors of q/9 + 105*(-1965)/(-405).
509
Suppose 13*l + 82957 = k + 11*l, 4*l - 165842 = -2*k. What are the prime factors of k?
82939
Let l(o) = -5*o**3 - 2*o**2 - o. Let q = 59 + -60. Let f be l(q). Suppose -b = b - 3*k - 221, -f*b = 3*k - 487. What are the prime factors of b?
2, 59
Suppose -3*h = 5*z - 40216, 3*h - 49028 + 8808 = -z. List the prime factors of h.
3, 41, 109
Let b = -23244 - -55923. What are the prime factors of b?
3, 3631
Let s = -97 - -155. Suppose 4*r - 3*r - 6 = 2*d, 4*r = -5*d - 2. Suppose -2*k + 3*j = -s, r*k - 5*k + 4*j = -89. List the prime factors of k.
5, 7
Let c(r) = 452*r**2 + 6*r - 17. List the prime factors of c(3).
13, 313
Suppose 0 = 3*a + 2*d - 24037, -155*a + 2*d - 8011 = -156*a. List the prime factors of a.
3, 2671
List the prime factors of 16 + 61053 + (-14 - -11).
2, 19, 1607
Let d = -558 + 557. List the prime factors of -2*(470/d + -5).
2, 5, 19
Let g = 78 - 82. Let f(u) = -3*u + 2. Let t(s) = 3*s - 3. Let w(y) = -6*f(y) - 7*t(y). What are the prime factors of w(g)?
3, 7
What are the prime factors of 6559 + (-8 - (-15 - -1))?
5, 13, 101
Suppose 3*w - 4 = -5*p, w = -2*p + 5*w + 12. What are the prime factors of ((-3 + -175)/p)/((-1)/5)?
5, 89
Let p be 14/7 - (-22)/(2 - 3). Let j be ((-124)/(-10))/((16/p)/4). What are the prime factors of (-2 + 12/(-3))/(3/j)?
2, 31
Suppose -3 + 7 = -2*j. Let u(a) = -531*a - 6. Let x be u(j). Suppose -6*o - x = -12*o. List the prime factors of o.
2, 11
Let g(m) = 16*m**3 - 165*m**2 - 11*m - 26. List the prime factors of g(13).
2, 3, 7, 13
What are the prime factors of ((-2)/10)/(56/1038660)*-2?
3, 2473
Suppose -1513 = -o - 343. Suppose -5*x + 959 = 4*t, o = 4*t + 3*x + 201. List the prime factors of t.
2, 3, 41
Let k(n) = -39*n - 1098. Let m be k(-28). Let g(b) = 2*b**2 - b - 1. Let w be g(-2). What are the prime factors of (-2)/(m/w) + 29?
2
Suppose -29*o + 460 = -9*o. Suppose 0 = -z + 8 + 11. Let s = o + z. What are the prime factors of s?
2, 3, 7
Suppose 82*l + 4*l = -71*l + 8259770. List the prime factors of l.
2, 5, 5261
Let f = -25673 + 49101. List the prime factors of f.
2, 5857
Let s(j) = -j**3 - 7*j**2 - 18*j + 22. Suppose 0 = -z + 7*z + 30. List the prime factors of s(z).
2, 31
Let g be (-425)/(-4) + (-12)/(-16). Suppose g*q = 111*q - 320. List the prime factors of q.
2, 5
Let p = 6068 - -26791. List the prime factors of 4/(-3)*p/(-36).
1217
Let b be 3*7/(21/(-240)) + 2. Let x = b + 612. What are the prime factors of x?
2, 11, 17
Suppose 6*m = -117 + 33. Let x be 0 + 0 - 3 - m/14. List the prime factors of (-3 - x)/(2/(-346)).
173
Let x = 4969 + 2142. List the prime factors of x.
13, 547
Suppose -7*d = 104 - 685. Let r = d - 81. Suppose 2*x - 147 = -r*f + 25, f + 369 = 4*x. What are the prime factors of x?
7, 13
List the prime factors of ((-182)/28)/13 - (-156602)/4.
2, 3, 5, 29
Let v(a) = -6*a - 88. Let t be v(-15). Suppose t*h - 6*o - 32 = -4*o, -64 = -4*h + 3*o. List the prime factors of h.
2
Suppose 12604 = 5*i + 3*d, -20*i + 12620 = -15*i - 5*d. What are the prime factors of i?
2, 13, 97
Let h = -59 - -52. Let w(k) = -68*k - 238. What are the prime factors of w(h)?
2, 7, 17
Let v be ((-28)/5)/(6/(-1365)). Let n = -392 + v. List the prime factors of n.
2, 3, 7
Let w(b) = 27*b**3 - 5*b**2 + 2*b + 7. Let i be -1 + 8/4 + 2. Let l be w(i). Suppose 5*f + 239 = d, -3*d + 0*f + 5*f + l = 0. What are the prime factors of d?
229
Suppose -2*t - 809 + 983 = 0. List the prime factors of t.
3, 29
Let i(f) = -f**3 + 8*f**2 - 7*f + 35. Let h be i(8). List the prime factors of 28/h + (-5)/(30/(-344)).
2, 7
Suppose -2*k + 31 = 21. Suppose 2*l - 3 = k. Suppose 3*i - 2*y = 128, -y = -5*i + l*y + 220. What are the prime factors of i?
2, 5
Suppose 46*l - 448 = 42*l. List the prime factors of (-32)/l - -6*2946/28.
631
Suppose 0 = -25*i - 21*i + 74704. List the prime factors of i.
2, 7, 29
Suppose 0 = i + 2, -2*s - 7*i + 2887 = -3219. What are the prime factors of s?
2, 3, 5, 17
Let g(j) = 24699*j - 515. List the prime factors of g(1).
2, 3023
Let y = 2267 - -801. Let d = y - 1419. What are the prime factors of d?
17, 97
Suppose -38*a - 70*a + 10152432 = 0. What are the prime factors of a?
2, 71, 331
Let c = -4936 + 56034. What are the prime factors of c?
2, 29, 881
Let i be (-5084)/(-123)*3/2. Suppose -v = -i - 8. List the prime factors of v.
2, 5, 7
Let s(o) be the first derivative of o**2/2 + 13*o + 14. Let k be s(13). Suppose 0 = 2*q - k - 8. What are the prime factors of q?
17
Suppose 0 = 46*y - 31149 - 58919. List the prime factors of y.
2, 11, 89
Suppose -5*l + 0 = 5*q - 20, 3*q = 4*l - 9. Suppose 5*n - n - 356 = -2*f, 175 = f + n. Suppose f - 448 = -l*k. What are the prime factors of k?
2, 23
Let z(a) be the first derivative of 3*a**4/4 - a**3 - a**2/2 + 2*a + 13. Let t be z(1). Let o = t - -206. What are the prime factors of o?
3, 23
Let c(n) = 67*n**2 - n - 3. Suppose 0 = -4*l - l - 15. Let j(v) = -3*v - 11. Let g be j(l). List the prime factors of c(g).
3, 89
Let s = 27859 - 7193. List the prime factors of s.
2, 10333
Let d = -477 + 478. List the prime factors of ((-414)/(-24) - 2)/(d/40).
2, 5, 61
Let i be (7 - 11) + 18/1. Let v be 7164/i - 10/(-35). Suppose -5*m + 173 = -v. What are the prime factors of m?
137
What are the prime factors of ((-8787)/4)/((-171)/456)?
2, 29, 101
Let w = -2672 + 4372. What are the prime factors of w?
2, 5, 17
Let v be (14 - 0) + 2*-2. Suppose 17*b - 2226 = v*b. List the prime factors of b.
2, 3, 53
Let s = 18339 - 10010. What are the prime factors of s?
8329
Suppose 36*l - 25050 - 1757 = 10021. What are the prime factors of l?
3, 11, 31
Let q = -108 + 108. Suppose 0 = -q*u + 5*u + n - 33, -2*u = 2*n - 18. List the prime factors of u.
2, 3
Suppose 0 = -2*p + 3*h + 25626, 51262 = 4*p + 361*h - 362*h. What are the prime factors of p?
2, 3, 89
Suppose 957234 + 157635 = 136*c - 1295867. List the prime factors of c.
2, 8863
What are the prime factors of 1/(113918/(-16275) - -7) - -4?
17, 137
List the prime factors of (-3)/18*-74618 - (-560)/210.
7, 1777
Let p(q) = 17*q**2 + 40*q + 608. List the prime factors of p(31).
5, 3637
Let z(a) = -a**3 + 2*a**2 - 51*a - 312. What are the prime factors of z(-23)?
2, 7043
Suppose 0 = -4*c - l + 5271, 2*c = 3*l + 2763 - 110. List the prime factors of c.
1319
Let l(g) = -6*g**2 - 18*g - 71. Let d be l(-4). Let m = 209 - d. What are the prime factors of m?
2, 19
Let z(p) = 150*p - 78. Let m(a) = -74*a + 38. Let s(j) = -7*m(j) - 4*z(j). What are the prime factors of s(-6)?
2, 269
Let w(z) = 5*z**3 + 41*z**2 - 394*z - 19. List the prime factors of w(10).
53, 97
Let f(v) = -40633*v**3 - 2*v**2 - 14*v - 13. List the prime factors of f(-1).
2, 3, 1693
Let s(i) = -i**3 + 27*i**2 + 189*i + 89. List the prime factors of s(-25).
2, 3, 43
Suppose -25770 = -3*s + 3*r, -5*r = -4*s - 6*r + 34370. List the prime factors of s.
2, 3, 179
Let c(m) = -m**3 + 8*m**2 + m + 2. Suppose -6*u + 10*u + 280 = 0. Let x = -62 - u. What are the prime factors of c(x)?
2, 5
Suppose 0 = -x - 2*x - 5*y + 82, 3*y = -3*x + 72. Let q(z) be the third derivative of z**4/12 - 10*z**3/3 + 4*z**2. List the prime factors of q(x).
2, 3
Let x = -429 + 228. Suppose 3*d - 1320 = -d. Let y = x + d. List the prime factors of y.
3, 43
Let x(a) = 27*a**2 - 8*a - 5. Let r be x(-5). Suppose 4*b + r = 2*s, 3*s - 712 = s + 2*b. List the prime factors of s.
3, 7, 17
Suppose 3*m = -o - 57 - 17, m = -o - 68. Suppose 0*h - 223 = 3*h + t, -5*h = -2*t + 368. Let y = o - h. List the prime factors of y.
3
What are the prime factors of (6 + 3570/(-56) + -15)/(3/(-112))?
2, 7, 97
Let x = 34 - 125. Let q = -146 - x. Let n = q - -172. List the prime factors o